{"id":3069,"date":"2015-10-23T13:36:55","date_gmt":"2015-10-23T13:36:55","guid":{"rendered":"http:\/\/www.stmarys-tallaght.ie\/site\/?page_id=3069"},"modified":"2015-10-23T13:36:55","modified_gmt":"2015-10-23T13:36:55","slug":"jubilee-prayer","status":"publish","type":"page","link":"https:\/\/www.stmarys-tallaght.ie\/site\/priory\/dominicans\/jubilee-of-the-order-of-preachers\/jubilee-prayer\/","title":{"rendered":"Jubilee prayer"},"content":{"rendered":"<h3>Prayer for the Jubilee<\/h3>\n<div id=\"stcpDiv\">God, Father of mercy,<br \/> who called your servant Dominic de Guzman<br \/> to set out in faith<br \/> as an itinerant pilgrim and a preacher of grace,<br \/> as we prepare to celebrate the Jubilee of the Order<br \/> we ask you to pour again into us<br \/> the Spirit of the Risen Christ,<br \/> that we might faithfully and joyfully proclaim<br \/> the Gospel of peace,<br \/> through the same Jesus Christ our Lord. Amen<\/div>\n<h3>Hymn of the Jubilee<\/h3>\n<p>Laudare, Benedicere, Praedicare<br \/> Laudare, we praise our Lord with our saints<br \/> Benedicere, we lift our voice in song.<br \/> Praedicare, we proclaim your Word to the world.<br \/> Laudare, Benedicere, Praedicare<\/p>\n<p>Sent out to preach by Dominic<br \/> sent two by two to all the world<br \/> sent out to study the Gospel of grace<br \/> to find new ways to preach<\/p>\n<div data-canvas-width=\"106.75636954763988\">Un c\u0153ur, une \u00e2me, tous donn\u00e9s<\/div>\n<div data-canvas-width=\"87.89914444282952\">contemplatifs \u00e9merveill\u00e9s<\/div>\n<div data-canvas-width=\"93.61750061030594\">joyeux amis, apprenez nous<\/div>\n<div data-canvas-width=\"108.47855152181369\">pour les p\u00eacheurs, mis\u00e9ricorde.<\/div>\n<div data-canvas-width=\"108.47855152181369\">\u00a0<\/div>\n<div data-canvas-width=\"90.80171083211862\">Presencia del amor de Dios<\/div>\n<div data-canvas-width=\"64.14682845535454\">Presencia prof\u00e9tica<\/div>\n<div data-canvas-width=\"69.98756189489758\">Presencia compasiva<\/div>\n<div data-canvas-width=\"91.24671909417904\">Sembradores de esperanza<\/div>\n<div data-canvas-width=\"91.24671909417904\">\u00a0<\/div>\n<div data-canvas-width=\"124.16620528009868\">Embrace with grace the marketplace<\/div>\n<div data-canvas-width=\"120.41701067223964\">Embrace the world not of the world<\/div>\n<div data-canvas-width=\"131.47546598444112\">Embrace the mission with compassion<\/div>\n<div data-canvas-width=\"109.19278978242066\">to preach the word to the world<\/div>\n<p>&nbsp;<\/p>\n","protected":false},"excerpt":{"rendered":"<p>Prayer for the Jubilee God, Father of mercy, who called your servant Dominic de Guzman to set out in faith as an itinerant pilgrim and a preacher of grace, as we prepare to celebrate the Jubilee of the Order we ask you to pour again into us the Spirit of the Risen Christ, that we<\/p>\n","protected":false},"author":2,"featured_media":0,"parent":2386,"menu_order":3,"comment_status":"closed","ping_status":"closed","template":"","meta":{"_mc_calendar":[],"footnotes":""},"class_list":["post-3069","page","type-page","status-publish","hentry"],"_links":{"self":[{"href":"https:\/\/www.stmarys-tallaght.ie\/site\/wp-json\/wp\/v2\/pages\/3069","targetHints":{"allow":["GET"]}}],"collection":[{"href":"https:\/\/www.stmarys-tallaght.ie\/site\/wp-json\/wp\/v2\/pages"}],"about":[{"href":"https:\/\/www.stmarys-tallaght.ie\/site\/wp-json\/wp\/v2\/types\/page"}],"author":[{"embeddable":true,"href":"https:\/\/www.stmarys-tallaght.ie\/site\/wp-json\/wp\/v2\/users\/2"}],"replies":[{"embeddable":true,"href":"https:\/\/www.stmarys-tallaght.ie\/site\/wp-json\/wp\/v2\/comments?post=3069"}],"version-history":[{"count":1,"href":"https:\/\/www.stmarys-tallaght.ie\/site\/wp-json\/wp\/v2\/pages\/3069\/revisions"}],"predecessor-version":[{"id":3070,"href":"https:\/\/www.stmarys-tallaght.ie\/site\/wp-json\/wp\/v2\/pages\/3069\/revisions\/3070"}],"up":[{"embeddable":true,"href":"https:\/\/www.stmarys-tallaght.ie\/site\/wp-json\/wp\/v2\/pages\/2386"}],"wp:attachment":[{"href":"https:\/\/www.stmarys-tallaght.ie\/site\/wp-json\/wp\/v2\/media?parent=3069"}],"curies":[{"name":"wp","href":"https:\/\/api.w.org\/{rel}","templated":true}]}}

<h3>Prayer for the Jubilee</h3>
<div id="stcpDiv">God, Father of mercy,<br /> who called your servant Dominic de Guzman<br /> to set out in faith<br /> as an itinerant pilgrim and a preacher of grace,<br /> as we prepare to celebrate the Jubilee of the Order<br /> we ask you to pour again into us<br /> the Spirit of the Risen Christ,<br /> that we might faithfully and joyfully proclaim<br /> the Gospel of peace,<br /> through the same Jesus Christ our Lord. Amen</div>
<h3>Hymn of the Jubilee</h3>
<p>Laudare, Benedicere, Praedicare<br /> Laudare, we praise our Lord with our saints<br /> Benedicere, we lift our voice in song.<br /> Praedicare, we proclaim your Word to the world.<br /> Laudare, Benedicere, Praedicare</p>
<p>Sent out to preach by Dominic<br /> sent two by two to all the world<br /> sent out to study the Gospel of grace<br /> to find new ways to preach</p>
<div data-canvas-width="106.75636954763988">Un cœur, une âme, tous donnés</div>
<div data-canvas-width="87.89914444282952">contemplatifs émerveillés</div>
<div data-canvas-width="93.61750061030594">joyeux amis, apprenez nous</div>
<div data-canvas-width="108.47855152181369">pour les pêcheurs, miséricorde.</div>
<div data-canvas-width="108.47855152181369"> </div>
<div data-canvas-width="90.80171083211862">Presencia del amor de Dios</div>
<div data-canvas-width="64.14682845535454">Presencia profética</div>
<div data-canvas-width="69.98756189489758">Presencia compasiva</div>
<div data-canvas-width="91.24671909417904">Sembradores de esperanza</div>
<div data-canvas-width="91.24671909417904"> </div>
<div data-canvas-width="124.16620528009868">Embrace with grace the marketplace</div>
<div data-canvas-width="120.41701067223964">Embrace the world not of the world</div>
<div data-canvas-width="131.47546598444112">Embrace the mission with compassion</div>
<div data-canvas-width="109.19278978242066">to preach the word to the world</div>
<p>&nbsp;</p>
